 divide 11583149?
False
Does 12 divide 297576096?
True
Is 48713820 a multiple of 15?
True
Is 2596559300 a multiple of 3297?
False
Is 2298688 a multiple of 98?
True
Is 151012724 a multiple of 19?
False
Is 10 a factor of 7440480?
True
Does 980 divide 14324660?
True
Does 76 divide 1885240248?
False
Does 478 divide 11929176?
False
Does 864 divide 8613216?
True
Does 521 divide 150055294?
True
Does 84 divide 30842553?
False
Is 9136 a factor of 1594520789?
False
Is 11047804 a multiple of 18?
False
Does 9 divide 246780?
True
Is 9143074 a multiple of 35?
False
Is 22692555 a multiple of 983?
True
Does 17 divide 175357652?
True
Is 13 a factor of 259818?
True
Does 3452 divide 1668842381?
False
Is 431578173 a multiple of 169?
True
Does 4454 divide 1173624546?
True
Does 17 divide 12011214?
True
Does 92 divide 2293330135?
False
Does 40 divide 1198580374?
False
Does 5 divide 907606875?
True
Does 2297 divide 794716060?
True
Is 223556455 a multiple of 745?
False
Does 60 divide 904246800?
True
Is 2328971697 a multiple of 1587?
True
Is 15 a factor of 77226090?
True
Does 24 divide 44502330?
False
Is 1389 a factor of 90582246?
True
Is 183156640 a multiple of 1445?
True
Is 99 a factor of 179568381?
False
Is 2750646924 a multiple of 27?
True
Is 214219060 a multiple of 3?
False
Is 3 a factor of 7881876?
True
Does 1460 divide 189740278?
False
Is 300065024 a multiple of 15?
False
Is 807 a factor of 752120772?
True
Is 2 a factor of 2192196?
True
Does 170 divide 151195960?
True
Is 289 a factor of 3686222166?
True
Does 307 divide 27966472?
True
Does 2522 divide 47880269?
False
Is 198 a factor of 404022119?
False
Is 10 a factor of 137572590?
True
Is 1279 a factor of 355234576?
True
Does 67 divide 3050439617?
False
Is 404686999 a multiple of 43?
False
Does 53 divide 670415126?
True
Is 84530036 a multiple of 2130?
False
Is 30179759 a multiple of 419?
False
Does 3154 divide 1223691787?
False
Is 8338 a factor of 707722415?
False
Is 57 a factor of 118898409?
True
Does 11 divide 448957849?
False
Does 18 divide 10721088?
True
Is 921196785 a multiple of 43?
False
Is 581 a factor of 6305195243?
False
Does 33 divide 509554221?
True
Is 5 a factor of 132315240?
True
Is 326 a factor of 4680333100?
True
Is 714 a factor of 2831361797?
False
Is 9120494 a multiple of 1234?
True
Does 3441 divide 260026467?
False
Does 637 divide 1427960352?
True
Is 34 a factor of 4512266?
False
Is 212527744 a multiple of 3536?
True
Does 35 divide 383766759?
False
Is 15802734 a multiple of 12?
False
Is 35 a factor of 1233720285?
True
Does 145 divide 2308499615?
True
Does 3274 divide 75571263?
False
Is 3278 a factor of 16324440?
True
Does 214 divide 157105532?
True
Does 383 divide 949881747?
True
Is 577420008 a multiple of 264?
True
Is 693 a factor of 935472765?
False
Is 48639516 a multiple of 204?
True
Does 60 divide 127083300?
True
Is 3 a factor of 449649669?
True
Is 302 a factor of 5963896?
True
Is 137 a factor of 622331464?
False
Is 2506976 a multiple of 32?
True
Is 1429 a factor of 66084753?
False
Does 77 divide 90452454?
False
Is 137 a factor of 540966420?
True
Is 4307 a factor of 1034877346?
True
Does 1994 divide 63563716?
False
Is 6 a factor of 7358862?
True
Does 10 divide 80715039?
False
Is 27713540 a multiple of 10?
True
Does 160 divide 48511360?
True
Does 14 divide 4078827?
False
Is 2925512150 a multiple of 3700?
False
Is 40210613 a multiple of 479?
True
Does 29 divide 341215914?
True
Is 40984879 a multiple of 9?
False
Does 38 divide 3437553378?
True
Is 1915 a factor of 7836180?
True
Does 89 divide 175947243?
False
Is 64400992 a multiple of 63?
False
Is 2281851 a multiple of 23?
False
Is 96715670 a multiple of 60?
False
Is 398 a factor of 1856895514?
False
Is 1462 a factor of 93048990?
True
Does 264 divide 952557399?
False
Is 36 a factor of 16541161?
False
Is 246 a factor of 2307282113?
False
Is 50 a factor of 6066600?
True
Does 662 divide 16620053?
False
Is 19008038 a multiple of 479?
False
Is 3064 a factor of 368524161?
False
Is 2524 a factor of 80134476?
True
Is 15116519 a multiple of 17?
True
Is 4 a factor of 17621491?
False
Is 189515968 a multiple of 32?
True
Is 284412321 a multiple of 222?
False
Is 3956455497 a multiple of 21?
False
Does 2 divide 7436438?
True
Is 106719128 a multiple of 1849?
False
Is 186529302 a multiple of 76?
False
Is 101854742 a multiple of 11?
True
Is 912843680 a multiple of 20?
True
Is 21452985 a multiple of 4?
False
Is 827308962 a multiple of 9?
True
Is 172 a factor of 40765892?
True
Is 6894 a factor of 972548077?
False
Is 39494140 a multiple of 140?
True
Is 484367556 a multiple of 292?
True
Is 23 a factor of 83293?
False
Is 2019 a factor of 61371543?
True
Is 146 a factor of 14955802?
True
Is 38 a factor of 111494964?
True
Is 3 a factor of 893909734?
False
Does 64 divide 20689897?
False
Does 571 divide 251043795?
False
Is 10 a factor of 54445490?
True
Is 601 a factor of 1360902597?
True
Does 144 divide 837500949?
False
Is 471 a factor of 92913699?
True
Is 16019828 a multiple of 2308?
True
Is 33 a factor of 93846566?
False
Is 771785784 a multiple of 292?
True
Does 50 divide 92683700?
True
Is 1099298781 a multiple of 573?
True
Does 328 divide 160108?
False
Is 75 a factor of 108135450?
True
Is 74 a factor of 71649105?
False
Is 18999017 a multiple of 257?
False
Does 2217 divide 248570040?
True
Is 408612940 a multiple of 149?
False
Is 100777157 a multiple of 6?
False
Is 11110119 a multiple of 77?
False
Is 2269 a factor of 24779749?
True
Does 729 divide 43180184?
False
Is 3 a factor of 441597257?
False
Does 17 divide 549283497?
False
Does 1440 divide 110743200?
True
Is 203 a factor of 2040586?
False
Is 867535965 a multiple of 4287?
False
Does 3 divide 277316618?
False
Is 400330956 a multiple of 3084?
True
Does 27 divide 18739836?
True
Is 4566 a factor of 96570665?
False
Is 41 a factor of 924435804?
False
Does 32 divide 121868673?
False
Is 6 a factor of 32837534?
False
Is 1134 a factor of 578325258?
True
Does 14 divide 32850902?
True
Is 411 a factor of 525705990?
True
Is 424089880 a multiple of 380?
True
Is 411979104 a multiple of 2766?
True
Is 2494412312 a multiple of 13321?
False
Is 472 a factor of 24669552?
True
Is 123 a factor of 524967358?
False
Does 1406 divide 406993952?
False
Does 294 divide 67162536?
True
Is 136 a factor of 125556730?
False
Is 1676 a factor of 15161460?
False
Does 963 divide 420584663?
False
Does 66 divide 6223404?
True
Is 10 a factor of 24135400?
True
Does 9 divide 23522778?
True
Is 1436 a factor of 20540544?
True
Is 4333757 a multiple of 2?
False
Is 421 a factor of 836557100?
False
Is 28 a factor of 2465708?
True
Does 840 divide 103279680?
True
Is 2285255 a multiple of 66?
False
Is 37651098 a multiple of 1511?
True
Is 5 a factor of 11967280?
True
Is 5855604 a multiple of 3?
True
Does 5 divide 73204238?
False
Does 151 divide 534789586?
False
Does 42 divide 261413124?
True
Is 4933667 a multiple of 3?
False
Is 471076 a multiple of 5?
False
Is 161783552 a multiple of 14?
True
Does 142 divide 100955468?
True
Is 63303688 a multiple of 196?
True
Is 128626702 a multiple of 459?
False
Is 2802 a factor of 81095484?
True
Does 332 divide 1521104148?
True
Is 4 a factor of 66398504?
True
Is 13 a factor of 897094321?
False
Is 203417620 a multiple of 101?
False
Is 61 a factor of 12705342?
False
Is 833 a factor of 44937420?
False
Is 4 a factor of 3006335?
False
Does 50 divide 47409850?
True
Is 25 a factor of 9541318?
False
Is 558718 a multiple of 140?
False
Is 2261 a factor of 45997784?
True
Does 61 divide 14514585?
False
Does 30 divide 258199590?
True
Does 520 divide 18082480?
True
Is 24 a factor of 51858952?
False
Does 2865 divide 94821726?
False
Is 9 a factor of 132033521?
False
Is 22 a factor of 11754303?
False
Is 98691142 a multiple of 11?
True
Is 21 a factor of 561424576?
False
Is 315 a factor of 9748871?
False
Is 50 a factor of 155592373?
False
Does 279 divide 75352041?
True
Is 142951865 a multiple of 35?
True
Is 23 a factor of 67199238?
True
Is 859779486 a multiple of 441?
False
Does 22 divide 4232323506?
False
Is 420 a factor of 6732094?
False
Is 112022478 even?
True
Is 44 a factor of 51967433?
False
Is 85365825 a multiple of 13?
False
Does 26 divide 26039410?
False
Is 362 a factor of 666062210?
False
Does 13 divide 1320569102?
False
Is 925158 a multipl